 the prime factors of y(-9)?
3
Let r be 24642/(-48) - (-9)/24. What are the prime factors of (-123)/(-82) + r/(-2)?
2, 3, 43
Let y = 107 - -2. Let t(j) = -32*j + 7. Let a be t(-5). Suppose 4*w - y = a. List the prime factors of w.
3, 23
Let d = 110475 + -72185. What are the prime factors of d?
2, 5, 7, 547
List the prime factors of 21/(-189) - 201604/(-36).
2, 5, 7
Let c = 21 - 31. Let q(h) = -2*h - 23. Let j be q(c). Let z = j - -103. What are the prime factors of z?
2, 5
Let d(a) = a**3 + 6*a**2 - 7*a - 58. Let v be d(-5). List the prime factors of 363 - (0 + 12)/v.
3, 7, 17
Suppose -3*l + 14482 + 5838 = 4*g, 0 = 5*l - g - 33905. Suppose -28*r = -8*r - l. List the prime factors of r.
3, 113
Suppose -63*f = 29*f - 525563 + 135483. What are the prime factors of f?
2, 5, 53
Let w(z) = -4*z - 3*z + 0*z - 10 + 5*z. Let f be w(-7). Suppose -45 = -f*t + 5*d, 3*d - 3 = 2*d. What are the prime factors of t?
3, 5
Suppose -69*d = -65*d - 5*h - 31952, -3*d + 23967 = -3*h. What are the prime factors of d?
7993
List the prime factors of (18/4)/(5 + 2536070/(-507220)).
3, 7, 3623
Let m(x) = -22*x + 82. Let n be m(-9). Let k = n - -979. What are the prime factors of k?
1259
What are the prime factors of (-561377)/(-15) - (-8 + 4148/510)?
3, 5, 499
Let i(f) = 3*f**2 - 12*f - 954. What are the prime factors of i(27)?
3, 101
Let n(r) = r**2 - 11*r + 84. Let y be n(-23). Suppose -10*i + 704 = -y. List the prime factors of i.
157
Suppose 2*y - 3 = 1, 2*y + 8 = 3*t. Suppose -4*k = f - 44, 5*f - t*k - 170 - 50 = 0. What are the prime factors of 3 + 10/4*f?
113
Let z = 183 + -180. Suppose 8*n - z*n = 1180. What are the prime factors of n?
2, 59
Let r = -82 + 18. Let y = r + 68. What are the prime factors of (-119)/2*((-32)/14)/y?
2, 17
Let o(b) = 771*b + 2. Let l be o(2). Let x = 2510 - l. What are the prime factors of x?
2, 3, 7, 23
Let k(x) = 137*x**2 - 2*x - 2. Suppose 115 = -v + 119. Let c(i) = 1. Let w(j) = v*c(j) + k(j). What are the prime factors of w(1)?
137
Let z = -29 + 32. Let o = 219 - 139. Suppose z*h = h + o. What are the prime factors of h?
2, 5
Let b be (-9 - 171/(-18))*50. Let d(y) be the third derivative of -y**4/24 + 49*y**3/6 + 2*y**2. List the prime factors of d(b).
2, 3
Suppose -5*a - 8004 = -1844. Let v = a - -1744. Suppose 0 = 3*r - 4*n - 194 - 179, 4*r + 2*n - v = 0. What are the prime factors of r?
127
Let f(y) = -y**3 + 5*y**2 - y + 9. Suppose 28 = 3*x + 13. Let h be f(x). Suppose -b + 47 = 2*t - t, -2*t = -h*b - 118. What are the prime factors of t?
3, 17
Suppose -2*h = 10*h + 1416. Let p = h - -603. What are the prime factors of p?
5, 97
Suppose 5*q = -5*p + 710, -q + p + 144 = 12. Suppose 145*y = q*y + 5496. List the prime factors of y.
3, 229
Let i(z) = 6*z**2. Let p be i(1). Suppose -3*w + p*w - 291 = 0. Suppose -3*q - 4*c = -73, -4*q = -3*c - w + 8. List the prime factors of q.
23
Let s = 18 + 26. Let h = 49 - s. Suppose 2*z + 259 = -v + 4*v, 5*z + 435 = h*v. List the prime factors of v.
5, 17
Suppose -183*w - m = -181*w - 15180, 0 = -4*w + 3*m + 30350. List the prime factors of w.
7589
Let m be (-28)/(-126) - (1634/(-18) - 0). Let o = 190 - m. Suppose -2*w + g + 42 = 0, -o = -5*w - 0*g + g. List the prime factors of w.
19
Let z(y) = -5*y + 120. Let i be z(24). Suppose 3*q - 242 - 109 = i. List the prime factors of q.
3, 13
Suppose -47991 = -3*l - 4*d, -10*l + 11*l = -5*d + 15986. List the prime factors of l.
16001
Let n(g) = 1062*g - 5. Let o be n(1). Suppose 10*u - 703 = o. Suppose -177*q = -u*q - 88. List the prime factors of q.
2, 11
Let m = 932 - 553. List the prime factors of 5 + m - (-6 - -8).
2, 191
Let a = 50 - 84. Let s be -1*1/5 + a/(-170). What are the prime factors of s + 0/2 - 2*-48?
2, 3
Let d = 1006 - -9804. List the prime factors of d.
2, 5, 23, 47
Let c = 197 + -192. Suppose 5*x + 3*p - 74 - 72 = 0, -10 = -c*p. What are the prime factors of x?
2, 7
Let o(g) be the first derivative of 29*g**4/4 + 5*g**3/3 - 3*g**2 + 3*g - 60. What are the prime factors of o(2)?
3
Suppose -29*a + 36*a - 105 = 0. List the prime factors of -1502*(-3)/15*a/6.
751
Suppose 0 = -o + 2*r + 305, 0 = 2*o - 2*r - 181 - 425. What are the prime factors of o?
7, 43
Let i be (3 - 0) + ((-3)/(-3) - 12). Let z be 2*(-12)/i + -4. List the prime factors of 88 + z + 10 + -8.
89
Suppose -33 = 4*a - 7*a. Let y(v) = -25*v**2 + 10*v - 2. Let q(u) = -71*u**2 + 31*u - 6. Let p(m) = 6*q(m) - 17*y(m). What are the prime factors of p(a)?
53
Suppose 0 = a - h - 12669, -3*a = 933*h - 935*h - 38003. What are the prime factors of a?
5, 17, 149
Let i(a) = 2947*a + 803. List the prime factors of i(11).
2, 5, 11, 151
Let w(o) = -3*o + 105. Let j(h) = h - 53. Let n(r) = 13*j(r) + 6*w(r). Let y be n(-14). Let v = y - -71. List the prime factors of v.
2, 41
Suppose 33*d - 92688 = -15*d. Let y = -1166 + d. What are the prime factors of y?
3, 5, 17
Suppose -5*i - 23*v + 22*v = -7991, -3*i + 4821 = 5*v. List the prime factors of i.
1597
Let c(v) = 14*v**2 + 2*v - 16. Let d be c(6). Let m = d - 265. List the prime factors of m.
5, 47
Let w = -2305 + 8252. List the prime factors of w.
19, 313
Let s(d) = 32*d - 6. Let r(y) = y**2 + 14*y - 35. Let b be r(-16). Let m be s(b). Let l = 136 + m. List the prime factors of l.
2, 17
Let w be (-5460)/(-7)*(-5)/(-10). Let x = 102 + w. What are the prime factors of x?
2, 3, 41
Suppose -4*v = -5*b + 2626 - 7147, b - 3405 = -3*v. Let a = 1988 - v. List the prime factors of a.
2, 7, 61
Suppose 21*t + 3741 = -9405. Let j = t + 1158. List the prime factors of j.
2, 7, 19
Let m(v) = 102*v + 91. Let p be m(-8). Let f = -418 - p. List the prime factors of f.
307
Suppose 4*t = 5*r - 16077 + 2375, r - 2*t - 2744 = 0. Suppose 2*y = 4*z - r, -5*z - 3*y + 2040 = -2*z. List the prime factors of z.
683
Let j = -2955 - -4711. What are the prime factors of j?
2, 439
Let d be (-639)/6 - 11/22. Let t = -2 - d. List the prime factors of t.
3, 5, 7
Let y(b) = 13*b**2 + 6*b - 20. Suppose 18*q = -3*q + 63. What are the prime factors of y(q)?
5, 23
Let w(p) = p**2 + 20*p - 87. Let q be w(17). Suppose l + q = 4*g, 5*g + 74 = -4*l + 741. List the prime factors of g.
3, 5
Let n(u) be the first derivative of 13*u**4/4 + u**3/3 + u**2 - 3*u + 903. Let q = 1 + 1. List the prime factors of n(q).
109
Let z be (-198 - -200)/(-3 + 0 + 1). Let m(o) = -969*o + 75. List the prime factors of m(z).
2, 3, 29
What are the prime factors of (69760 + 5)/(-9 - 3 - -15)?
5, 4651
Suppose 2*b - 6*n - 28 = -2*n, 0 = 4*n - 12. Suppose -6*z + b + 16 = 0. List the prime factors of 104*(z - 1)/5.
2, 13
Suppose -182 = 5*j + 3*s + 834, 5*j = 5*s - 1040. Let b = j + 349. What are the prime factors of b?
2, 3
Suppose 250 = 2*l - 5254. Suppose -l = -4*m + 1232. List the prime factors of m.
2, 3, 83
Suppose -3*s - 5 = -5*g + 2*s, -5*s + 1 = -4*g. Let v(x) = 5*x + 23. What are the prime factors of v(g)?
53
Let i = 12044 + -3623. List the prime factors of i.
3, 7, 401
Suppose -5*w - 2*z = 3*z - 22185, -17760 = -4*w - z. What are the prime factors of w?
4441
Suppose -2*g + 95 = 3*c - 4017, -2733 = -2*c - 3*g. Suppose 30*b = 13986 + c. List the prime factors of b.
2
Suppose -559098 - 425677 = -25*i. What are the prime factors of i?
11, 3581
Let x = -11150 + 29516. What are the prime factors of x?
2, 3, 3061
Let l = -229 - -234. Suppose -1008 = -l*q + 2*z, 4*q = q - 4*z + 610. What are the prime factors of q?
2, 101
Let f be ((-2)/(-7))/(2/14). Let p(t) = 44*t. Let s be p(f). Suppose s = -9*o + 835. What are the prime factors of o?
83
Let s be (0 - 6)*(-1)/3. Let u(y) = 145*y**3 + 4*y**2 - 13*y - 3. What are the prime factors of u(s)?
31, 37
List the prime factors of (44592 - -85) + (-95)/(-5).
2, 37, 151
Let m = -251 + 271. Suppose -16*w - 1284 = -m*w. What are the prime factors of w?
3, 107
Suppose -25*l = -26606 - 13546 - 23623. What are the prime factors of l?
2551
Suppose o - 2*a - 14 = 0, -8*o + 4*o - a = -11. Suppose -2*m + 828 = 2*p, m = -6*p + o*p + 824. List the prime factors of p.
2, 5, 41
Let s be ((-792)/(-42))/(8/1008). Suppose -5*k - s = -2*d, -4*k + 2*k + 2362 = 2*d. List the prime factors of d.
7, 13
Suppose 118*i - 888716 - 3871587 = -851907. What are the prime factors of i?
2, 16561
Let f = 77680 + -25425. List the prime factors of f.
5, 7, 1493
Let y = -17 - -2. Let f(d) = -1